 8*w**3. Suppose 268*z - 273*z = 15. What is u(z)?
16
Let w = 273 + -279. Suppose 4*h - 34 = z, -4*h + 0*z + 36 = -2*z. Let g(p) = 2 + h - 4 - 6*p**2 + p + 2*p**3 - 3*p**3. Give g(w).
0
Let q = -117 - -120. Suppose 6*o + 31 = q*o + 4*s, -34 = 4*o + 2*s. Let t(k) = -k**2 - 7*k + 8. Determine t(o).
-10
Let r(a) be the third derivative of a**7/5040 + a**6/120 - 7*a**5/20 - 35*a**2. Let i(j) be the third derivative of r(j). What is i(-7)?
-1
Let b = 0 - -2. Suppose 4*m = 5*z - 4, -z + b*z + 8 = 3*m. Let y(o) = -326 - o - 333 + 3*o + 655. Determine y(z).
4
Suppose 0 = -4*l - x + 1, -2*l - 5*x = -4*l + 17. Let w(v) = 8*v**2 + 318*v - 1 - 316*v - l. Calculate w(-2).
26
Suppose 0 = 4*s - s - 18. Let i(m) be the second derivative of 5/2*m**2 + 2*m - 1/3*m**3 - 6. Determine i(s).
-7
Let g(p) = -4*p**2 + 3*p. Let r(i) = 6*i - 54 + 0*i - 3*i + 20. Let h be r(12). Determine g(h).
-10
Let h(x) = 5*x**2 + 7*x - 5. Let y(o) be the first derivative of 11*o**3/3 + 7*o**2 - 11*o + 14. Let q(w) = -9*h(w) + 4*y(w). Calculate q(-5).
11
Let k(s) be the first derivative of s**2 + s + 1. Let d be (5 - (-70)/(-15))/((-1)/3). Give k(d).
-1
Let o(p) = -p**2 + 21*p + 30. Let q be o(24). Let u = 38 + q. Let i(t) = -4*t - 5. Give i(u).
11
Suppose 2*n = -2*n. Suppose n = -3*r + 6 - 3. Let x(b) be the third derivative of b**5/15 + b**3/6 + b**2. What is x(r)?
5
Let c(k) = -64*k**3 - 61*k**3 + 124*k**3 + 6*k**2 - 2*k + 6. Let q(z) = z**2 + 9*z + 6. Let w be q(-9). Calculate c(w).
-6
Let d(a) = -3*a + 1. Let m(u) = 4*u - 1. Let n(q) = -3*d(q) - 4*m(q). Give n(3).
-20
Let p(u) = -2 - 13*u - 4*u**2 - 15*u + 8. Let f be p(-7). Let q(b) = 3*b + 10. Let c(v) = 4*v + 10. Let r(m) = -4*c(m) + 5*q(m). Determine r(f).
4
Let w(q) be the first derivative of q**3/3 + 7*q**2/2 + 3*q - 214. Give w(-6).
-3
Suppose 2*f = x - 9, -5*f = -0*x - x. Suppose 7*p - 1 - 6 = 0. Let r(l) = 3*l - p - x*l + 10*l. Calculate r(1).
-3
Let t(m) = 10 + 0*m - 8*m + 13*m + 3*m + m**2. Give t(-7).
3
Let x be (-6)/(-9) - 5/((-60)/(-8)). Let c(j) = 4*j + 7. What is c(x)?
7
Let h(a) = 3*a**2 + a + 4. Let c(x) = x - 6. Let l be c(8). Let i(j) = l*j**2 + 5 - 10*j**2 + 7*j**2 + 4*j**2 + j. Let r(b) = -5*h(b) + 4*i(b). What is r(-1)?
-2
Let g be -15 - -7 - (-4)/2. Let l(s) = s**3 - 4*s**2 + 3*s - 10. Let n be l(4). Let w(m) = 8*m**n - 23*m**2 - 6 + 6*m**2 + 4*m**2 + 7*m - m**3. Calculate w(g).
-12
Suppose -5*l - 25 = 0, w = 4*w + 5*l + 34. Let x(p) = -p**2 - 8*p - 6. What is x(w)?
9
Let o be ((-128)/(-48))/(4/6). Let d(r) = r + 5. Let h(j) = -j - 6. Let c(u) = -u**2 + 7*u + 3. Let q be c(7). Let b(n) = o*d(n) + q*h(n). Give b(-5).
-3
Let b(z) = 2*z + 2. Let s(q) = -q**2 + 12*q + 16. Let p(g) = -5*b(g) + s(g). Determine p(5).
-9
Suppose 0 = 2*n - 11 - 9. Let a(q) = -11*q - 16. Let y(g) = 25*g + 33. Let x(m) = 9*a(m) + 4*y(m). Determine x(n).
-2
Let l(o) = 5*o - 10. Let b(g) = -11*g + 21. Let q(a) = -2*b(a) - 5*l(a). Give q(4).
-4
Let o(y) = 23*y - 8*y - 14*y. Let u be -2 + (-1)/(2/(-4)). Let x(m) = m + 5. Let n be x(u). Calculate o(n).
5
Suppose 0 = -3*n - 2*i + 8, -6*i = -3*n - 3*i - 12. Let f(v) be the first derivative of -1/3*v**3 - 3*v**2 + n*v - 1. Calculate f(-5).
5
Let v(i) = -i**3 + 19*i**2 - 23*i + 87. Let k be v(18). Let q(y) = -2*y**2 - 2*y - 2. Give q(k).
-14
Suppose 6*l - 4*l = 24. Let v = -19 + l. Let h(j) = -j - 9. Give h(v).
-2
Let d(x) = -7*x + 10. Let l(o) = -3*o + 5. Let c(n) = -2*d(n) + 5*l(n). Let z = -3 - -4. Let b be (0 - 1)/(z/(-5)). Give c(b).
0
Let r(a) = -4*a + 5 + a + 4*a. Let z(b) = 2*b + 6. Let o(i) = 4*r(i) - 3*z(i). Let h(c) = -c**2 + 12*c + 129. Let f be h(-7). Determine o(f).
10
Let o(r) = -93*r**2 + 95*r**2 - 5*r + 6 + 4*r - 3*r**3 - 8. Determine o(2).
-20
Suppose -6*n = -2*n - 20. Suppose 2 = -n*f + 7. Let c(a) = 7*a - a + 4*a**2 - 3*a**2 - 2*a**2 + f. Give c(5).
6
Let j(g) = 1. Let s be (0 + 1 - -1)*(-131)/(-262). Let c(a) = -2*a. Let k(x) = s*c(x) - 2*j(x). Calculate k(2).
-6
Let i(x) = -x**3 + 4*x**2 - 2*x - 1. Suppose -3*g + 14 = -0*g + b, 2*b - 24 = -5*g. What is i(g)?
-9
Let r be 52/91 - ((-45)/7 - -1). Let p(w) = 0*w**2 + 5*w + 3 - w**2 + 3. What is p(r)?
0
Let m(x) = 7 + 3 + x**3 - 6 - 6*x + 3*x**2. What is m(-5)?
-16
Let h(x) = x**3 + 6*x**2 + 6*x + 2. Suppose -4*y = q - 4, -3*y + 3*q = 11 + 1. Suppose y*t = 3*t + 15. What is h(t)?
-3
Let s(b) = -b + 15. Let f be s(-5). Let i(t) = 2 + 0 - f*t + 16*t. Determine i(2).
-6
Let k(b) = b**3 - 7*b**2 + 5*b + 7. Let c be k(6). Let m(i) = -4*i + 8. Let y(u) = u - 1. Let a(n) = c*m(n) + 5*y(n). What is a(-2)?
1
Suppose 0 = g - 22 + 21, 0 = -4*z - 5*g - 27. Let x(s) = -s**3 - 9*s**2 - 12*s - 5. Give x(z).
27
Let p(d) = -d**3 - 14*d**2 + 15*d - 4. Let i be p(-15). Let y(v) be the second derivative of -v**3/6 - v**2/2 + v. Give y(i).
3
Suppose 3*o = 2*j + 12 - 0, 2*o - 7 = j. Let u(x) = 2 + 15*x + o*x**2 - 18*x - x**3 + 2*x. What is u(2)?
0
Let h(b) be the third derivative of b**4/8 - 11*b**3/6 + b**2 - 9. Calculate h(-10).
-41
Suppose 5*d - 10 = 4*b - 36, 3*b - 20 = 4*d. Let r be (2 - 0)*(-3)/d. Let v(n) = 5*n. Let t(k) = -14*k + 1. Let c(m) = 3*t(m) + 8*v(m). Determine c(r).
-3
Let g(b) be the third derivative of -14*b**2 - 1/12*b**5 + b**3 + 1/12*b**4 + 1/120*b**6 + 0*b + 0. What is g(5)?
16
Let p(i) be the second derivative of i**4/12 - i**3/3 - 5*i**2/2 + 15*i + 3. Let s be 1 + (-4)/(16/(-12)). Calculate p(s).
3
Let b(q) = 2*q**2 + 19*q + 38. Let l be b(-4). Let h(m) be the third derivative of -m**4/12 - 7*m**3/6 + m**2. Give h(l).
5
Suppose 1 - 5 = -q. Let t = 108 + -107. Let z(a) = t + 2 - a - q. What is z(1)?
-2
Let b(n) = n**2 - 5*n - 12 + 19 + 0*n**2. Suppose 0 = 6*w - 3*w - 2*r - 8, 3*r + 12 = 5*w. Suppose w*s - 15 = -3*s. Determine b(s).
7
Let s(w) = -w**2 - 1 + w + 7*w + 10. Suppose 3*x - b - 24 = 0, 5*x = 15*b - 16*b + 32. What is s(x)?
16
Let o(u) be the second derivative of -u**5/20 - 2*u**4/3 - 7*u**3/6 + 5*u**2/2 + 88*u. Calculate o(-7).
5
Let j(z) = z**2 - 3*z - 10. Suppose -2*m = -x - 14 - 11, -3*m - 2*x = -48. Let b = 21 - m. What is j(b)?
18
Let r(d) = -d**2 - 12 - 5*d + 3 - 6*d + 22*d - 8*d. What is r(4)?
-13
Let p(w) be the third derivative of w**4/12 - 2*w**3/3 - 2*w**2 - 20*w. Let r be ((-3)/(-6))/(1/2). Let a be (-1)/(-1) - (r + 3). Give p(a).
-10
Let n(h) = -h**3 + 16*h**2 + 18*h - 21. Let m(y) = 2*y**2 + y - 4. Let s be m(3). Let j be n(s). Let k(g) = 2*g + 5. Determine k(j).
-3
Let o(y) = 2*y + 26. Let h be ((-18)/(-27))/((-18)/189). Determine o(h).
12
Let x(d) = -2*d**3 + d + 4. Let p(o) = o**3 - o - 1. Let w(f) = -p(f) - x(f). Suppose 136*a - 127*a = 0. What is w(a)?
-3
Let r = -97 - -92. Let f be (-4)/r + (-2)/(-10). Let w(p) = -1 - p + 3*p - p - p**2. What is w(f)?
-1
Let r(g) be the first derivative of -g**3/3 + 2*g**2 - g - 219. Suppose 0 = -5*s - 2*o + 14, 3*s - 6 = 2*s - 2*o. What is r(s)?
3
Let u(q) = 28*q - 4 + 23*q - q**2 - 44*q. Let c = 2 + -1. Let v be (6 - 2) + 1/c. Determine u(v).
6
Let r(d) = -20*d**2 - 64*d + 38. Let u(y) = -9*y**2 - 30*y + 19. Let x(p) = 4*r(p) - 9*u(p). Determine x(-15).
-4
Let v = 686 - 688. Let z(j) = -4*j**2 + 2. Determine z(v).
-14
Let w(m) = -5*m**2 + 2*m + 13. Let i(v) = -11*v**2 + 5*v + 27. Let b(t) = -3*i(t) + 7*w(t). Let z(n) be the first derivative of b(n). Give z(1).
-5
Let u(x) = -16*x + 1. Suppose -11*d + 5*d - 90 = 0. Let r be 2/3*d/(-10). What is u(r)?
-15
Let j(r) = r**2 + r. Let c(b) = b**2 - 7*b - 1. Let q = 30 - 32. Let o(g) = q*j(g) + c(g). Determine o(-4).
19
Let g(h) = -9*h + 10*h**2 - 14 + h**2 - 16*h**2 + 6*h**2. What is g(9)?
-14
Let m(a) = -4*a + 3. Suppose 0 = -o - 2 - 1. Let f be m(o). Let q = -16 + f. Let t(u) = 3*u**2 + 1. Give t(q).
4
Let k(z) = -z**3 - 6*z**2 - 4*z + 1. Let b = -242 - -238. What is k(b)?
-15
Let b(p) = p - 19. Let n(d) = -d + 6. Let q(l) = -b(l) - 2*n(l). Let g be 5 + (2 - 1 - 3). Suppose 3*j = -2*h - 17, h - 2 = -g. Calculate q(j).
2
Let r(b) be the third derivative of 1/60*b**5 + 51*b**2 - 7/6*b**3 + 0*b + 1/6*b**4 + 0. Let c = 0 + -5. What is r(c)?
-2
Let x(g) = -g + 7. Let k be 1*-20 - (-33 - -31). Let h be (-3 - (-55)/15)*k/(-4). Calculate x(h).
4
Let l(w) = w**3 - 3*w**2 - 3*w - 3. Let n be l(4). Let a(h) = 3*h + 1. Let t be a(1). Let j(g) = -n + t - 7 + g. Calculate j(5).
1
Let b(t) = -2*t + 55. Let a be b(35). Let